3, what is 5 + -7?
-2
In base 5, what is 0 + 210?
210
In base 5, what is 3441 + -4?
3432
In base 9, what is 2 - -47?
50
In base 10, what is -5 - -2856?
2851
In base 7, what is 26 + 35?
64
In base 11, what is 3a4 - 19?
386
In base 9, what is 0 + -30?
-30
In base 14, what is 14 - -4?
18
In base 15, what is 176 - -3?
179
In base 15, what is -895 - 4?
-899
In base 13, what is -1 - -2?
1
In base 4, what is -3320 + -32?
-10012
In base 14, what is -6 + -6d7?
-6dd
In base 12, what is -25 + -a?
-33
In base 11, what is -2 + 29?
27
In base 13, what is 7 - 1?
6
In base 2, what is 110000001 - -10?
110000011
In base 4, what is -111202 - -1?
-111201
In base 12, what is 9 - -2a8?
2b5
In base 13, what is -3a2c + -5?
-3a34
In base 15, what is 21 - -7?
28
In base 15, what is -5 - 12a?
-130
In base 16, what is 123 - -14?
137
In base 9, what is -386 + 1?
-385
In base 5, what is -13 - 231?
-244
In base 13, what is 11c - 4?
118
In base 10, what is -603 - 1?
-604
In base 6, what is 1 - 23544?
-23543
In base 10, what is 3 + 44?
47
In base 11, what is -43 - 74?
-107
In base 15, what is 2 + -31?
-2e
In base 12, what is ab + 0?
ab
In base 2, what is -11101101 + 111010?
-10110011
In base 5, what is -10 - 112?
-122
In base 14, what is -1 - 254?
-255
In base 2, what is 101111010 - 10?
101111000
In base 11, what is -196 + -2?
-198
In base 6, what is 13314 - 2?
13312
In base 14, what is a + 19?
25
In base 9, what is -31 + -21?
-52
In base 6, what is -42 - -5?
-33
In base 5, what is -3 - 43043?
-43101
In base 13, what is 3 - 109?
-106
In base 6, what is -1 + 30011?
30010
In base 9, what is 164 - -16?
181
In base 10, what is 65 + 3?
68
In base 9, what is -1371 + 22?
-1348
In base 10, what is -18 + -20?
-38
In base 16, what is da9 - -1?
daa
In base 4, what is 0 - 100?
-100
In base 14, what is 4 - -151?
155
In base 6, what is -51 - -1352?
1301
In base 6, what is -1113 + 0?
-1113
In base 6, what is 11 + -5?
2
In base 9, what is -30 - -25?
-4
In base 3, what is -2101 + 100?
-2001
In base 14, what is -4 - -7?
3
In base 11, what is 8 - 19?
-11
In base 8, what is -4 - -11?
5
In base 16, what is 6 + -1a4?
-19e
In base 2, what is -1000 + 1000110?
111110
In base 7, what is 4166 - -4?
4203
In base 10, what is -8 - -11?
3
In base 2, what is -101010 - 110?
-110000
In base 6, what is 1023 - 0?
1023
In base 14, what is 4 + -28?
-24
In base 3, what is -21222 + -12?
-22011
In base 12, what is 26 + 27?
51
In base 3, what is -200210100 + -2?
-200210102
In base 2, what is -1010100 + 111111?
-10101
In base 2, what is -10 + 100000011?
100000001
In base 12, what is 7 + -13?
-8
In base 10, what is 16 - 8?
8
In base 7, what is 3514 + -1?
3513
In base 14, what is 387 - 0?
387
In base 10, what is 298 - 6?
292
In base 16, what is -1a + -b?
-25
In base 5, what is -41 + -10?
-101
In base 3, what is -12 - -110?
21
In base 11, what is -2928 + -5?
-2932
In base 7, what is -2 + -25?
-30
In base 12, what is -a6b - -3?
-a68
In base 4, what is -10 - 10?
-20
In base 8, what is 340 - 3?
335
In base 2, what is -1 - 10101100100?
-10101100101
In base 5, what is -20 - -1?
-14
In base 5, what is -13 - -31041?
31023
In base 3, what is 1110 + -10?
1100
In base 3, what is -2 + -102?
-111
In base 9, what is -3 + 10?
6
In base 3, what is 21 + -111212?
-111121
In base 15, what is -25 + -28?
-4d
In base 4, what is -13 + -11?
-30
In base 16, what is -8d + d?
-80
In base 4, what is -1 + 10203?
10202
In base 14, what is 1644 - 3?
1641
In base 16, what is -5 + 158?
153
In base 11, what is -4 - -161?
158
In base 15, what is -12 - -1c?
a
In base 2, what is 1001101 + -101?
1001000
In base 16, what is fe2 - 1?
fe1
In base 12, what is 163 - -1?
164
In base 16, what is 7 + -131?
-12a
In base 12, what is 3 + 1a7?
1aa
In base 13, what is -cbc7 - 4?
-cbcb
In base 6, what is -1340 + -145?
-1525
In base 16, what is -2 - 3?
-5
In base 12, what is 344 - -1?
345
In base 15, what is 6a - -2a?
95
In base 4, what is -23013 + 2?
-23011
In base 5, what is -10 - 2434?
-2444
In base 14, what is -5 + -6a?
-71
In base 5, what is -12111 - 4?
-12120
In base 16, what is -3 + 2a?
27
In base 9, what is 141 - 113?
27
In base 6, what is -15 - -253?
234
In base 4, what is -3 - 1230?
-1233
In base 11, what is -3 - 4110?
-4113
In base 15, what is -5 + 13?
d
In base 2, what is -1100000 - 100010010?
-101110010
In base 12, what is -1071 - -13?
-105a
In base 2, what is -101100 - -1110111?
1001011
In base 10, what is -353 - -5?
-348
In base 13, what is 7 - -52?
59
In base 11, what is -2 - -24?
22
In base 9, what is 211 - 0?
211
In base 8, what is 11 + -2?
7
In base 4, what is -20 + 30?
10
In base 15, what is 1a - 1d?
-3
In base 6, what is -132 - -234?
102
In base 6, what is -11 + -2453?
-2504
In base 13, what is 2 - -1?
3
In base 5, what is -22032 + -1?
-22033
In base 4, what is -202102 - 11?
-202113
In base 14, what is 24a + 13?
25d
In base 15, what is 16 - -1a?
31
In base 10, what is 0 - -990?
990
In base 2, what is 11001 - -10011?
101100
In base 2, what is 10 - -1011000?
1011010
In base 11, what is 356 + 4?
35a
In base 11, what is 6 + -12?
-7
In base 2, what is -1000 - -1?
-111
In base 8, what is 13 + -36?
-23
In base 16, what is -a + 54?
4a
In base 16, what is 5 + a2?
a7
In base 8, what is 10 + -40?
-30
In base 10, what is -5 + -79?
-84
In base 12, what is -4 - 6b5?
-6b9
In base 2, what is -11 + 11001100001?
11001011110
In base 14, what is -5 - -21?
1a
In base 13, what is 276 + -4?
272
In base 6, what is 110 + 3?
113
In base 4, what is -1 - -11033?
11032
In base 8, what is -7547 - -1?
-7546
In base 11, what is -3 - -416?
413
In base 13, what is -5 - 1375?
-137a
In base 7, what is 606 - 4?
602
In base 6, what is 4 - -13111?
13115
In base 14, what is -c + 7?
-5
In base 2, what is -1 + 1110001100?
1110001011
In base 8, what is 1 + -142?
-141
In base 3, what is -1 - 201210?
-201211
In base 14, what is 58 - 7?
51
In base 2, what is 110 - 1000?
-10
In base 13, what is -5 + 32?
2a
In base 16, what is 2 + -1c0?
-1be
In base 14, what is -1852 - 3?
-1855
In base 5, what is 1 - -1?
2
In base 16, what is -6 - 8?
-e
In base 10, what is 237 - 5?
232
In base 9, what is 22 + -138?
-116
In base 15, what is 1 + 73?
74
In base 15, what is -81 + 12?
-6e
In base 15, what is -3 - 2b?
-2e
In base 10, what is -5 - -2630?
2625
In base 15, what is 2 + -12d0?
-12cd
In base 5, what is -4001 - -1?
-4000
In base 3, what is -12 - -10010122?
10010110
In base 2, what is 1010011011 + -11?
1010011000
In base 9, what is 2 + -68?
-66
In base 7, what is -16 + 130?
111
In base 12, what is 3 + 9?
10
In base 3, what is -1122020102 - 10?
-1122020112
In base 8, what is 4125 - -1?
4126
In base 11, what is 4 + 1506?
150a
In base 4, what is -120223 - 12?
-120301
In base 15, what is 2 - -6a?
6c
In base 12, what is 189 + 1?
18a
In base 9, what is 1 - 2253?
-2252
In base 13, what is -4 - -1a?
16
In base 4, what is -11233 - -20?
-11213
In base 3, what is -1220110 - -12?
-1220021
In base 14, what is 23a3 + 4?
23a7
In base 15, what is -14d + 16?
-137
In base 11, what is 3 + -2595?
-2592
In base 8, what is 342 + -1?
341
In base 13, what is -75 + -4?
-79
In base 3, what is -12 + 1102220?
1102201
In base 4, what is 100 + 3232?
3332
In base 8, what is 133 - 36?
75
In base 6, what is -24 - 153?
-221
In base 10, what is -9 + 18?
9
In base 4, what is 3 + -20110?
-20101
In base 2, what is -101011000 - -1111?
-101001001
In base 9, what is -4767 - -5?
-4762
In base 8, what is -1 - 65?
-66
In base 12, what is 34 + 13?
47
In base 2, what is -1 - 101010?
-101011
In base 8, what is -55 + -12?
-67
In base 8, what is 2102 - 3?
2077
In base 11, what is 2 - 51?
-4a
In base 5, what is 34410 + -3?
34402
In base 7, what is 265 - -3?
301
In base 11, what is -118 - 0?
-118
In base 12, what is 3 + -b02?
-abb
In base 14, what is 6 - -7c?
84
In base 9, what is -251 + 3?
-247
In base 9, what is 1 + 476?
477
In base 7, what is 12 - -44?
56
In base 7, what is -43 - -3?
-40
In base 6, what is -5 + 111521?
111512
In base 13, what is 0 - -15a?
15a
In base 5, what is -4 - 1233?
-1242
In base 3, what is 100 - -20220?
21020
In base 5, what is 2241 + 10?
2301
In base 10, what is 3 + 898?
901
In base 6, what is 501 + -10?
451
In base 3, what is -11 - 1212201?
-1212212
In base 5, what is 443434 - 0?
443434
In base 15, what is 108 + 2?
10a
In base 2